st the prime factors of 40494.
2, 3, 17, 397
What are the prime factors of 37867?
19, 1993
What are the prime factors of 483?
3, 7, 23
What are the prime factors of 13488?
2, 3, 281
List the prime factors of 148632.
2, 3, 11, 563
What are the prime factors of 2090?
2, 5, 11, 19
What are the prime factors of 3177?
3, 353
List the prime factors of 1297.
1297
List the prime factors of 49142.
2, 24571
What are the prime factors of 121770?
2, 3, 5, 11, 41
List the prime factors of 18186.
2, 3, 7, 433
What are the prime factors of 88268?
2, 22067
What are the prime factors of 20528?
2, 1283
What are the prime factors of 857?
857
List the prime factors of 335.
5, 67
List the prime factors of 13001.
13001
List the prime factors of 1339.
13, 103
List the prime factors of 5384.
2, 673
List the prime factors of 5000.
2, 5
What are the prime factors of 6764?
2, 19, 89
What are the prime factors of 34348?
2, 31, 277
List the prime factors of 25282.
2, 12641
List the prime factors of 55607.
17, 3271
List the prime factors of 1254.
2, 3, 11, 19
List the prime factors of 52054.
2, 17, 1531
What are the prime factors of 47433?
3, 97, 163
List the prime factors of 25891.
17, 1523
What are the prime factors of 7823?
7823
What are the prime factors of 30377?
37, 821
What are the prime factors of 33896?
2, 19, 223
What are the prime factors of 512?
2
List the prime factors of 37240.
2, 5, 7, 19
What are the prime factors of 2496?
2, 3, 13
What are the prime factors of 3987?
3, 443
List the prime factors of 51616.
2, 1613
List the prime factors of 238.
2, 7, 17
List the prime factors of 59202.
2, 3, 11, 13, 23
List the prime factors of 2348.
2, 587
What are the prime factors of 2442?
2, 3, 11, 37
List the prime factors of 9534.
2, 3, 7, 227
What are the prime factors of 5189?
5189
List the prime factors of 848.
2, 53
What are the prime factors of 4016?
2, 251
List the prime factors of 1358.
2, 7, 97
List the prime factors of 3621.
3, 17, 71
What are the prime factors of 4566?
2, 3, 761
What are the prime factors of 18520?
2, 5, 463
List the prime factors of 1552.
2, 97
List the prime factors of 56977.
227, 251
List the prime factors of 7781.
31, 251
List the prime factors of 12809.
12809
What are the prime factors of 12022?
2, 6011
List the prime factors of 16970.
2, 5, 1697
List the prime factors of 12022.
2, 6011
List the prime factors of 107914.
2, 79, 683
List the prime factors of 9447.
3, 47, 67
List the prime factors of 594.
2, 3, 11
What are the prime factors of 3033?
3, 337
List the prime factors of 72769.
53, 1373
List the prime factors of 10323.
3, 31, 37
What are the prime factors of 5221?
23, 227
List the prime factors of 45283.
7, 6469
List the prime factors of 633.
3, 211
List the prime factors of 34043.
59, 577
List the prime factors of 68886.
2, 3, 43, 89
List the prime factors of 50609.
13, 17, 229
What are the prime factors of 1292?
2, 17, 19
What are the prime factors of 1460?
2, 5, 73
What are the prime factors of 1746?
2, 3, 97
What are the prime factors of 8924?
2, 23, 97
What are the prime factors of 18139?
11, 17, 97
What are the prime factors of 7851?
3, 2617
List the prime factors of 173847.
3, 167, 347
List the prime factors of 903.
3, 7, 43
What are the prime factors of 34784?
2, 1087
List the prime factors of 6551.
6551
What are the prime factors of 22424?
2, 2803
List the prime factors of 74485.
5, 14897
What are the prime factors of 29724?
2, 3, 2477
List the prime factors of 220.
2, 5, 11
What are the prime factors of 64?
2
List the prime factors of 1766.
2, 883
What are the prime factors of 14396?
2, 59, 61
List the prime factors of 22590.
2, 3, 5, 251
What are the prime factors of 8555?
5, 29, 59
What are the prime factors of 32208?
2, 3, 11, 61
List the prime factors of 34.
2, 17
List the prime factors of 1051.
1051
What are the prime factors of 6517?
7, 19
List the prime factors of 4208.
2, 263
What are the prime factors of 607?
607
What are the prime factors of 21544?
2, 2693
List the prime factors of 67.
67
List the prime factors of 38510.
2, 5, 3851
List the prime factors of 33071.
33071
List the prime factors of 13681.
13681
List the prime factors of 28044.
2, 3, 19, 41
What are the prime factors of 653?
653
List the prime factors of 55463.
37, 1499
What are the prime factors of 2097?
3, 233
List the prime factors of 2319.
3, 773
List the prime factors of 3271.
3271
What are the prime factors of 7458?
2, 3, 11, 113
List the prime factors of 658.
2, 7, 47
List the prime factors of 12268.
2, 3067
List the prime factors of 13576.
2, 1697
What are the prime factors of 3355?
5, 11, 61
What are the prime factors of 8194?
2, 17, 241
What are the prime factors of 20064?
2, 3, 11, 19
What are the prime factors of 117965?
5, 23593
List the prime factors of 8557.
43, 199
List the prime factors of 12914.
2, 11, 587
List the prime factors of 6346.
2, 19, 167
List the prime factors of 9072.
2, 3, 7
List the prime factors of 240.
2, 3, 5
List the prime factors of 10586.
2, 67, 79
List the prime factors of 155009.
155009
List the prime factors of 179826.
2, 3, 17, 41, 43
List the prime factors of 67710.
2, 3, 5, 37, 61
What are the prime factors of 453?
3, 151
List the prime factors of 1001.
7, 11, 13
List the prime factors of 140242.
2, 70121
List the prime factors of 7849.
47, 167
List the prime factors of 2292.
2, 3, 191
List the prime factors of 9382.
2, 4691
List the prime factors of 4337.
4337
What are the prime factors of 120097?
120097
List the prime factors of 854.
2, 7, 61
What are the prime factors of 6041?
7, 863
List the prime factors of 12174.
2, 3, 2029
List the prime factors of 2275.
5, 7, 13
What are the prime factors of 12423?
3, 41, 101
What are the prime factors of 1659?
3, 7, 79
List the prime factors of 42619.
17, 23, 109
What are the prime factors of 11842?
2, 31, 191
What are the prime factors of 121786?
2, 7, 8699
List the prime factors of 11528.
2, 11, 131
List the prime factors of 969.
3, 17, 19
List the prime factors of 811.
811
What are the prime factors of 9?
3
What are the prime factors of 1478?
2, 739
List the prime factors of 38141.
43, 887
What are the prime factors of 5521?
5521
List the prime factors of 1992.
2, 3, 83
What are the prime factors of 363?
3, 11
What are the prime factors of 12832?
2, 401
List the prime factors of 1484.
2, 7, 53
List the prime factors of 1141.
7, 163
What are the prime factors of 9311?
9311
List the prime factors of 529.
23
List the prime factors of 422.
2, 211
What are the prime factors of 91096?
2, 59, 193
What are the prime factors of 16745?
5, 17, 197
List the prime factors of 21969.
3, 2441
What are the prime factors of 6064?
2, 379
What are the prime factors of 65811?
3, 21937
List the prime factors of 2796.
2, 3, 233
What are the prime factors of 55341?
3, 11, 13, 43
What are the prime factors of 125670?
2, 3, 5, 59, 71
List the prime factors of 7515.
3, 5, 167
List the prime factors of 2401.
7
What are the prime factors of 27359?
109, 251
List the prime factors of 74908.
2, 61, 307
What are the prime factors of 47726?
2, 7, 487
What are the prime factors of 777?
3, 7, 37
List the prime factors of 1216.
2, 19
List the prime factors of 1301.
1301
List the prime factors of 11150.
2, 5, 223
What are the prime factors of 12025?
5, 13, 37
What are the prime factors of 212?
2, 53
List the prime factors of 394.
2, 197
What are the prime factors of 567?
3, 7
What are the prime factors of 2758?
2, 7, 197
List the prime factors of 106974.
2, 3, 7, 283
List the prime factors of 3522.
2, 3, 587
List the prime factors of 135.
3, 5
List the prime factors of 6390.
2, 3, 5, 71
List the prime factors of 42645.
3, 5, 2843
List the prime factors of 391.
17, 23
What are the prime factors of 48743?
79, 617
What are the prime factors of 22047?
3, 7349
What are the prime factors of 211?
211
List the prime factors of 18709.
53, 353
List the prime factors of 1252.
2, 313
List the prime factors of 1825.
5, 73
What are the prime factors of 11793?
3, 3931
What are the prime factors of 103314?
2, 3, 67, 257
What are the prime factors of 469?
7, 67
What are the prime factors of 12799?
12799
List the prime factors of 418.
2, 11, 19
What are the prime factors of 1979?
1979
What are the prime fact